2 + -8)
5
Calculate (0 - -20) + (-320 - -315).
15
What is -3 + 6 + 269 + -291?
-19
(5 - -19) + (-5 - (6 - 25)) + -7
31
Calculate -21 - (4 + -4 - 1 - 8 - -2).
-14
-2 - -5 - 5 - 1 - (-24 - -19)
2
Evaluate -71 + 29 + 98 - 37.
19
What is -26 + 45 - (6 + (-8 - -2) + 0)?
19
Evaluate 6 + -2 + -13 - (-118 + 130).
-21
What is 0 + -1 + 19 + 64 + -55?
27
What is 0 - -5 - 1 - (-6 + -17 + 17)?
10
Evaluate 0 + 5 + 16 + 10 + -5 + -4.
22
Calculate 47 - 39 - (-2 - (-3 - -4)) - 5.
6
Evaluate -4 + 0 - -11 - (22 - 11 - -5).
-9
Evaluate -27 - -32 - (-2 + 2 - -1 - -16).
-12
Evaluate 11 + (90 - 80 - (6 - (3 + -2))).
16
-14 - (2 + 5 + -20)
-1
What is 15 - 23 - (-1 - (2 - 4))?
-9
What is the value of -4 + 5 + -4 + -1 + -1?
-5
8 - (19 + -30) - (9 - -2)
8
What is -40 - (12 + -29 + -25)?
2
What is (-36 - -29) + 1 + (-15 - 1)?
-22
What is the value of -10 + 10 + (-18 - -9)?
-9
Calculate 0 + -3 + (10 - (-1 + 2)) - 0.
6
What is 18 + (7 - (-7 + 34))?
-2
(-2 - 0) + 14 - (-328 + 348)
-8
What is the value of (-8 - (2 - 3)) + (26 - 33)?
-14
What is the value of (-1 + 1 - 8) + (782 - 763)?
11
What is the value of 2 + (-7 - -9 - 10) - -10?
4
Calculate -14 + 23 + (-34 - -9 - -10).
-6
Calculate 4 + (27 + -10 - 8).
13
-31 - (-2 + -16 + -20)
7
Calculate (3 - (-2 - -4)) + (55 - 53).
3
What is (3 - -5) + -74 + 63?
-3
What is 34 - ((20 - 34) + 28)?
20
Calculate -29 - (-4 + 12) - -7.
-30
17 - (13 - 4 - 20 - -6)
22
What is 94 + -84 + 7 + (2 - 0) + -2?
17
Calculate -6 - (12 + (8 - (-5 + 10))).
-21
What is (-11 - -4 - -4) + (-4 - (1 + 0))?
-8
-6 - 1 - (10 + 5 + (-7 - -9))
-24
Calculate -6 + -1 + (-23 - -3) + 30.
3
What is the value of -10 - (-7 + 4 - (-12 - -6))?
-13
Calculate -5 - 5 - (1 + -13).
2
Evaluate (9 - 4) + (-7 + -5 - -7) + -1.
-1
What is the value of -3 - 1 - 1 - (49 - 50 - -6)?
-10
3 - (2 - 3) - (-8 + 23 + 3)
-14
What is 3 + (4 + 1 + (-7 - -5) - -1)?
7
What is -10 + (-4 - (-4 - -8) - -8)?
-10
-26 - (4 - (34 - 22))
-18
Calculate -16 + 1 - ((-4 - -12) + -9 + 4).
-18
What is -2 + 2 + (3 - (-4 - 1)) + -5?
3
What is (7 - 14) + (9 - 6) - 19?
-23
Evaluate -6 + 3 + 6 - (10 + 7 + 2).
-16
What is the value of (20 - 22) + 13 + -3?
8
What is -19 - (-27 + (-31 - -48))?
-9
What is the value of -47 + 57 + (2 + -30 - 8)?
-26
What is (-25 + 3 - -8) + 8?
-6
Calculate (-39 - -55) + (-18 - (4 + -12 + 2)).
4
Calculate (-5 - (-16 - -22) - -17) + (-5 - 1).
0
Evaluate 15 + 3 + (-2 - 3) - (-2 - -7).
8
What is 47 + -25 + (0 - 19)?
3
What is -9 - 0 - (7 - (36 - 17))?
3
Calculate -1 + (7 + 7 - 6 - 11).
-4
Evaluate -43 - (-2 - (-3 - (-6 + -2 + 1))).
-37
Calculate -39 - -2 - (93 - 115).
-15
What is (5 - 5) + 4 - (1 + 5)?
-2
(71 - 84) + (0 - -4)
-9
Evaluate -2 + 3 + -17 + (361 - 364).
-19
What is the value of -14 - (-5 - -3) - (343 + -338)?
-17
What is the value of 11 - (-35 + 42 - -20)?
-16
What is the value of (3 + -1 - (10 + -7)) + 7?
6
What is 1 + -5 + (7 + 2 - (5 + 0))?
0
What is the value of 0 - 2 - (99 + -97)?
-4
Evaluate -13 + -2 + 20 - (-7 + -1 - -1).
12
What is the value of (-11 - -19) + 4 + (0 + -3 - 4)?
5
Evaluate (48 - 51) + (-6 - -12 - -16).
19
What is -85 - -76 - (-3 + 1 + 10)?
-17
What is the value of -1 - (8 - 6 - -7 - 7)?
-3
Evaluate 0 + (27 - 19 - -8 - -6).
22
What is the value of -23 + 7 - (-2 - -11) - -6?
-19
Evaluate (-27 - (18 - 20)) + (9 - -5).
-11
(616 - 609) + -4 + -1 + 2
4
What is -3 - (4 + 1 + (-4 - -7 - 15))?
4
What is the value of 10 - (-7 + (10 - -17)) - -7?
-3
Evaluate 248 + -230 - (2 + 0 + 7).
9
-5 - (-1 - 11) - (1 - 4)
10
What is the value of (10 - -1) + (-65 - (43 + -90))?
-7
What is 19 + -35 + 1 + -3?
-18
Calculate -12 - (-11 + 1 + -1 + 6) - -25.
18
Evaluate 16 + (9 - (14 + -17)).
28
Evaluate (24 - (15 - 31)) + -28.
12
Calculate -12 + (-1 - -26 - -4).
17
Calculate -2 + (-4 - -2 - -2) - (-9 + 15).
-8
What is the value of (-44 - -26) + 24 + -29?
-23
10 + (9 - (18 + -3)) + 5
9
What is -3 + (10 - 26 - -9)?
-10
What is 7 + (-9 - 13) + 4?
-11
-6 - ((45 - (30 - -5)) + (-1 - 1))
-14
(1 + -1 - -11) + (12 + 4 - 17)
10
-27 + 25 - (-12 - -6 - 32 - -8)
28
Evaluate 11 - (-13 - (-11 + 8)) - 13.
8
What is (49 - 54) + (-7 - -12)?
0
60 + -65 + (-4 - 1)
-10
(-2 - 8 - -7) + 4 + 1
2
9 - (27 + -15) - (3 - (-4 - 0))
-10
What is -1 + (-58 + 56 - (0 + (0 - 5)))?
2
What is the value of 6 + 0 + (2 - (-11 - -3 - -16))?
0
(-4 - 0) + 13 + -4 + -9 + -7
-11
Evaluate -25 - (14 + (-17 - 27)).
5
Evaluate 0 + 5 + -74 + 76 + (-1 - 5).
1
What is the value of (-13 - -5) + -13 + 4 + 3 + 5?
-9
What is (-5 - 0) + 12 + -105 + 98?
0
Calculate -44 - (14 + -34) - -3.
-21
What is the value of -8 + 9 + (-7 - (3 - 3)) - 4?
-10
3 - ((-14 - (-16 + 0)) + 6)
-5
(11 - (-11 - (-3 + 13))) + -8
24
What is the value of -4 - (15 + 21 + -44)?
4
Calculate 3 + -1 - (-1 + 6) - (50 - 48).
-5
Evaluate 44 + -5 + 16 + -29.
26
What is the value of (19 - (6 + -9)) + -20 - (-11 + -1)?
14
-2 - -9 - (-8 - -2)
13
What is -10 - (-8 + 2 + 15 + -6)?
-13
Evaluate -16 + (-1 - 3) - 5 - (-47 + 55).
-33
(0 - -2) + -7 - (-47 + 42)
0
What is -13 + 24 + -8 + 1?
4
Evaluate (1 - -21) + -2 + (6 - 17).
9
What is the value of -46 + 38 + 10 + (-10 - -5)?
-3
Calculate -30 + (17 - 19) + 16 + (1 - 3).
-18
Evaluate (-23 + 1 - (205 + -237)) + -39 + 1.
-28
What is the value of 15 + 4 + (25 - 37)?
7
Calculate 5 + 12 + -14 + -8.
-5
Calculate (1 - 6) + (0 - 6) + 95 + -85.
-1
What is 20 - (20 - 11) - 7 - 16?
-12
Calculate -217 - -225 - (25 - -1).
-18
(14 - (-71 - -43)) + -13
29
Calculate (4 - 12) + 15 - 25.
-18
-35 - ((-12 - -25) + -33)
-15
What is the value of 8 + (4 - 4) + 1?
9
What is 502 + -509 - (3 + -2 + (-5 - 0))?
-3
Calculate -12 - 0 - (-4 + 25 - 27).
-6
Evaluate -55 - -49 - (-2 - -8).
-12
Calculate -3 - (-4 + (11 - 5)).
-5
What is -5 + 2 + (-11 - -23)?
9
Evaluate -2 + (-2 - (5 + -4 - 1)) - 29.
-33
40 + (-10 - 5) + 18 + -11
32
(82 - 84) + (-1 - 5) + 5
-3
Calculate (-6 - (16 + (-12 - -1))) + -15.
-26
(-5 - 1 - (-7 + 2)) + 2
1
Calculate (-35 - -1) + -29 + 25 + 20.
-18
What is the value of 3 - (9 + (0 - -2)) - (14 - 8)?
-14
What is the value of 0 - -1 - (68 + -55)?
-12
What is -6 + 67 + -32 + 4?
33
-17 - (-23 - -11) - (-7 - 2)
4
Calculate -4 + 4 + (-4 - (-1 - -1)) + -8.
-12
Evaluate 15 + (-1 - 17) + -6.
-9
7 - 17 - (-9 - 21) - 3
17
36 - (21 + -19 - (8 + -21))
21
-2 + (-6 + 1 - (-9 + 2)) - 11
-11
Calculate -14 - (-12 + 10 - 12).
0
Evaluate 1 + 8 + (-85 - -83).
7
43 + -11 + (15 - (19 + -2))
30
0 - 10 - (4 - (41 + -10))
17
What is the value of (16 + -24 - -24 - 8) + -39 + 3?
-28
What is -7 - 6 - -7 - -1?
-5
What is the value of 17 + -30 + 13 + -2 + 1 + 15?
14
What is -3 + -1 - (-24 - -1 - (-7 - 1))?
11
What is the value of (-3 - -2) + (-7 - (-2 + -7) - -2)?
3
23 + -38 + -24 - -33
-6
Evaluate -297 + 322 + 0 + -25.
0
What is the value of ((6 - 9) + 1 - -3 - 6) + -3?
-8
(14 - (5 + 4)) + -2 + -6 + 0
-3
12 - (-17 + 7) - 12
10
What is the value of 5 - (-8 + 9 + 8 - -11)?
-15
-1 + 0 - (32 + (4 - 21))
-16
Calculate (-40 - (-14 + -26)) + (12 - (1 + 2)).
9
350 - 364 - (-23 + 0)
9
Calculate 102 + -84 + (-24 - 1).
-7
Calculate -34 + 26 + (6 + -11 - -9).
-4
What is -10 + -5 + 17 + 47 - 17?
32
What is (1 - 7) + -2 + 2 - 0 - 0?
-6
Calculate -2 - 4 - (-12 - (-14 - -5)).
-3
Calculate -20 + 17 - (24 + (-3 - 0)) - -7.
-17
Calculate (-21 - (-1 - (3 + -3))) + 6.
-14
Evaluate -8 - (1 + (3 - (7 - 8 - -30))).
17
Evaluate -13 + -1 - (149 - 159).
-4
Evaluate 27 - ((-2 + -6 - -3 - -12) + 1).
19
What is -32 + 15 + (37 - -6)?
26
Evaluate 7 + -12 + 8 - (3 + 12).
-12
What is the value of 34 + -51 + (17 - -22)?
22
What is (-15 - -31 - 5) + -16?
-5
33 - (-11 - -18) - 14 - 0
12
What is -2 + 9 - (-177 + 169)?
15
What is 11 + (-1 + 1 - (-12 - -20)) - 18?
-15
What is the value of -47 - 4 - (144 - 178)?
-17
Evaluate (-3 - (-11 + (9 - (5 - 1)))) + 0.
3
Calculate 10 - (4 + 3) - 2 - 7.
-6
Evaluate 5 - (3 + (5 - 1)).
-2
What is -4 + 17 - (-151 + 173)?
-9
Calculate -17 - (8 - (1 + 6)).
-18
What is the value of (1 - -14) + (4 - -21 - 19)?
21
Calculate (-3 - (1 + 0)) + -1 + 2 - 8.
-11
What is the value of 34 + -47 - (-4 + -5 + 1)?
-5
-45 + (-5 - -18) - -24
-8
Calculate 12 + (-13 - 1) - 3.
-5
What is (-14 - (6 - 11)) + (3 - (-5 + 3))?
-4
What is 12 - (-6 + 11 - 3)?
10
What is the value of (1 - -4) + -9 + 11?
7
What is the value of (10 - 55) + 42 - (26 + -1 + 2)?
-30
Calculate (55 - 54) + (-4 - (11 + -3)).
-11
W